{"id":304,"date":"2022-02-11T17:18:15","date_gmt":"2022-02-11T20:18:15","guid":{"rendered":"http:\/\/praiaparatodos.com\/?page_id=304"},"modified":"2022-02-11T17:21:09","modified_gmt":"2022-02-11T20:21:09","slug":"politica-de-privacidade-2-5","status":"publish","type":"page","link":"https:\/\/praiaparatodos.com\/?page_id=304","title":{"rendered":"Instituto Novo Ser"},"content":{"rendered":"<div class=\"fusion-fullwidth fullwidth-box fusion-builder-row-1 fusion-flex-container nonhundred-percent-fullwidth non-hundred-percent-height-scrolling\" style=\"background-color: rgba(255,255,255,0);background-position: center center;background-repeat: no-repeat;border-width: 0px 0px 0px 0px;border-color:var(--awb-color3);border-style:solid;\" ><div class=\"fusion-builder-row fusion-row fusion-flex-align-items-flex-start\" style=\"max-width:104%;margin-left: calc(-4% \/ 2 );margin-right: calc(-4% \/ 2 );\"><div class=\"fusion-layout-column fusion_builder_column fusion-builder-column-0 fusion_builder_column_1_1 1_1 fusion-flex-column\"><div class=\"fusion-column-wrapper fusion-flex-justify-content-flex-start fusion-content-layout-column\" style=\"background-position:left top;background-blend-mode: overlay;background-repeat:no-repeat;-webkit-background-size:cover;-moz-background-size:cover;-o-background-size:cover;background-size:cover;padding: 30px 30px 30px 30px;\"><div class=\"fusion-text fusion-text-1\"><\/p>\n<p>O Instituto Novo Ser \u00e9 a institui\u00e7\u00e3o criadora e promotora do Praia Para Todos. Uma institui\u00e7\u00e3o sem fins lucrativos cuja miss\u00e3o \u00e9 a busca pelo respeito e a valoriza\u00e7\u00e3o da cidadania das pessoas com defici\u00eancia e mobilidade reduzida, com o intuito de promover os seus direitos, a equaliza\u00e7\u00e3o das oportunidades e a supera\u00e7\u00e3o dos obst\u00e1culos sociais predominantes ao processo de inclus\u00e3o.<\/p>\n<p>Entendemos que \u00e9 de grande import\u00e2ncia a desconstru\u00e7\u00e3o da ideia e da imagem de passividade que o senso comum atribui \u00e0 pessoa com defici\u00eancia. As a\u00e7\u00f5es inclusivas t\u00eam como objetivo contribuir para que a pessoa com defici\u00eancia seja participativa, potencializando aptid\u00f5es, ampliando seu campo de oportunidades e colocando-a em igualdade de condi\u00e7\u00f5es no exerc\u00edcio da cidadania.<\/p>\n<p>\u00c9 fundamental, portanto, reconhecer a ideia de que as pessoas com defici\u00eancia apresentam limita\u00e7\u00f5es de ordem f\u00edsica, sensorial ou intelectual mas n\u00e3o em sua capacidade, talento e personalidade, os quais devem ser valorizados. Para isso, a sociedade precisa respeitar e atender seus anseios e demandas. A inten\u00e7\u00e3o \u00e9, pois, contribuir com a produ\u00e7\u00e3o de mudan\u00e7as capazes de transformar a \u00f3tica predominante sobre a defici\u00eancia.<\/p>\n<p>Visite nosso site: <a href=\"https:\/\/novoser.org.br\/instituto.html\">www.novoser.org.br<\/a><\/p><\/p>\n<\/div><\/div><style type=\"text\/css\">.fusion-body .fusion-builder-column-0{width:100% !important;margin-top : 0px;margin-bottom : 0px;}.fusion-builder-column-0 > .fusion-column-wrapper {padding-top : 30 !important;padding-right : 30 !important;margin-right : 1.92%;padding-bottom : 30 !important;padding-left : 30 !important;margin-left : 1.92%;}@media only screen and (max-width:1024px) {.fusion-body .fusion-builder-column-0{width:100% !important;}.fusion-builder-column-0 > .fusion-column-wrapper {margin-right : 1.92%;margin-left : 1.92%;}}@media only screen and (max-width:640px) {.fusion-body .fusion-builder-column-0{width:100% !important;}.fusion-builder-column-0 > .fusion-column-wrapper {margin-right : 1.92%;margin-left : 1.92%;}}<\/style><\/div><\/div><style type=\"text\/css\">.fusion-body .fusion-flex-container.fusion-builder-row-1{ padding-top : 0px;margin-top : 0px;padding-right : 30px;padding-bottom : 0px;margin-bottom : 0px;padding-left : 30px;}<\/style><\/div>","protected":false},"excerpt":{"rendered":"","protected":false},"author":1,"featured_media":0,"parent":0,"menu_order":0,"comment_status":"closed","ping_status":"open","template":"","meta":{"footnotes":""},"class_list":["post-304","page","type-page","status-publish","hentry"],"_links":{"self":[{"href":"https:\/\/praiaparatodos.com\/index.php?rest_route=\/wp\/v2\/pages\/304","targetHints":{"allow":["GET"]}}],"collection":[{"href":"https:\/\/praiaparatodos.com\/index.php?rest_route=\/wp\/v2\/pages"}],"about":[{"href":"https:\/\/praiaparatodos.com\/index.php?rest_route=\/wp\/v2\/types\/page"}],"author":[{"embeddable":true,"href":"https:\/\/praiaparatodos.com\/index.php?rest_route=\/wp\/v2\/users\/1"}],"replies":[{"embeddable":true,"href":"https:\/\/praiaparatodos.com\/index.php?rest_route=%2Fwp%2Fv2%2Fcomments&post=304"}],"version-history":[{"count":2,"href":"https:\/\/praiaparatodos.com\/index.php?rest_route=\/wp\/v2\/pages\/304\/revisions"}],"predecessor-version":[{"id":306,"href":"https:\/\/praiaparatodos.com\/index.php?rest_route=\/wp\/v2\/pages\/304\/revisions\/306"}],"wp:attachment":[{"href":"https:\/\/praiaparatodos.com\/index.php?rest_route=%2Fwp%2Fv2%2Fmedia&parent=304"}],"curies":[{"name":"wp","href":"https:\/\/api.w.org\/{rel}","templated":true}]}}

<div class="fusion-fullwidth fullwidth-box fusion-builder-row-1 fusion-flex-container nonhundred-percent-fullwidth non-hundred-percent-height-scrolling" style="background-color: rgba(255,255,255,0);background-position: center center;background-repeat: no-repeat;border-width: 0px 0px 0px 0px;border-color:var(--awb-color3);border-style:solid;" ><div class="fusion-builder-row fusion-row fusion-flex-align-items-flex-start" style="max-width:104%;margin-left: calc(-4% / 2 );margin-right: calc(-4% / 2 );"><div class="fusion-layout-column fusion_builder_column fusion-builder-column-0 fusion_builder_column_1_1 1_1 fusion-flex-column"><div class="fusion-column-wrapper fusion-flex-justify-content-flex-start fusion-content-layout-column" style="background-position:left top;background-blend-mode: overlay;background-repeat:no-repeat;-webkit-background-size:cover;-moz-background-size:cover;-o-background-size:cover;background-size:cover;padding: 30px 30px 30px 30px;"><div class="fusion-text fusion-text-1"></p>
<p>O Instituto Novo Ser é a instituição criadora e promotora do Praia Para Todos. Uma instituição sem fins lucrativos cuja missão é a busca pelo respeito e a valorização da cidadania das pessoas com deficiência e mobilidade reduzida, com o intuito de promover os seus direitos, a equalização das oportunidades e a superação dos obstáculos sociais predominantes ao processo de inclusão.</p>
<p>Entendemos que é de grande importância a desconstrução da ideia e da imagem de passividade que o senso comum atribui à pessoa com deficiência. As ações inclusivas têm como objetivo contribuir para que a pessoa com deficiência seja participativa, potencializando aptidões, ampliando seu campo de oportunidades e colocando-a em igualdade de condições no exercício da cidadania.</p>
<p>É fundamental, portanto, reconhecer a ideia de que as pessoas com deficiência apresentam limitações de ordem física, sensorial ou intelectual mas não em sua capacidade, talento e personalidade, os quais devem ser valorizados. Para isso, a sociedade precisa respeitar e atender seus anseios e demandas. A intenção é, pois, contribuir com a produção de mudanças capazes de transformar a ótica predominante sobre a deficiência.</p>
<p>Visite nosso site: <a href="https://novoser.org.br/instituto.html">www.novoser.org.br</a></p></p>
</div></div><style type="text/css">.fusion-body .fusion-builder-column-0{width:100% !important;margin-top : 0px;margin-bottom : 0px;}.fusion-builder-column-0 > .fusion-column-wrapper {padding-top : 30 !important;padding-right : 30 !important;margin-right : 1.92%;padding-bottom : 30 !important;padding-left : 30 !important;margin-left : 1.92%;}@media only screen and (max-width:1024px) {.fusion-body .fusion-builder-column-0{width:100% !important;}.fusion-builder-column-0 > .fusion-column-wrapper {margin-right : 1.92%;margin-left : 1.92%;}}@media only screen and (max-width:640px) {.fusion-body .fusion-builder-column-0{width:100% !important;}.fusion-builder-column-0 > .fusion-column-wrapper {margin-right : 1.92%;margin-left : 1.92%;}}</style></div></div><style type="text/css">.fusion-body .fusion-flex-container.fusion-builder-row-1{ padding-top : 0px;margin-top : 0px;padding-right : 30px;padding-bottom : 0px;margin-bottom : 0px;padding-left : 30px;}</style></div>
